((-87)/(-2))/(15/30). Suppose -n - 105 = 3*t. Let m = -50 - t. What is the remainder when 26 is divided by m?
12
Let g = -7268 + 7286. What is the remainder when 1668 is divided by g?
12
Suppose m + 4 = 0, -5*w + 3*m - 7*m - 46 = 0. Let f be (w/4 + 1)*264. Calculate the remainder when (f/16 + 4)*-4 is divided by 4.
1
Let p(j) = j**3 - 7*j**2 + 11*j. Let v be p(5). Let s = v + -22. Let o = s - -21. What is the remainder when o is divided by 2?
0
Let l = 4083 + -3805. What is the remainder when l is divided by 70?
68
What is the remainder when 220 is divided by 200/(-5 + 10) - (-12)/(-4)?
35
Suppose 2*m + 391 = 11*m + 8*m. Calculate the remainder when 74 is divided by m.
5
Let d(y) = 15*y - 25. Let v be d(11). What is the remainder when 3*10*(v/(-15))/(-7) is divided by 7?
5
Suppose -25*a - 32*a = -61*a + 1808. What is the remainder when a is divided by 76?
72
Let a(b) = 13*b**2 - 7*b + b**3 + 2 + 6*b + 0 - 10*b. What is the remainder when a(-6) is divided by 27?
23
What is the remainder when 443 is divided by 34025/250 + (2/(-20))/1?
35
Suppose y - 57*c - 35 = -53*c, 5*y - 99 = c. Suppose -4*d + 156 = -4*m - 284, 431 = 4*d + 5*m. What is the remainder when d is divided by y?
14
Suppose 7*l - 38*l = 19*l - 2500. Calculate the remainder when 199 is divided by l.
49
Suppose -3*b = 5*s - 8485, 2826 = b + 13*s - 9*s. What is the remainder when b is divided by 8?
6
Let t = -3 - -3. Let c = t - -58. Suppose -2*d - 15*i + 88 = -19*i, -7*d + 3*i + 231 = 0. Calculate the remainder when c is divided by d.
28
Let p(r) = 95*r - 1419. Suppose 7*h = 3*h + 16. Calculate the remainder when p(15) is divided by h.
2
Let h(g) = -g**3 + 9*g**2 - 13*g + 8. Let k be h(5). Suppose -5*v - k + 263 = 0. What is the remainder when 83 is divided by v?
39
Let s(d) = -4*d**2 + 5*d - 4. Let l(x) = -1. Let q(i) = -3*l(i) - s(i). Let y be q(3). Let u = -12 + y. What is the remainder when 61 is divided by u?
13
Let u = 22 + -20. Suppose -c = -u, 5*y - 2*c - 55 + 9 = 0. Let v = -20 - -27. What is the remainder when y is divided by v?
3
Let b(j) = j**2 - 7*j - 13. Let l be b(9). Suppose l*d + 66 = -d. Let c = 12 + d. Calculate the remainder when 7 is divided by c.
0
Suppose -69*a - 81*a = -450. Calculate the remainder when 52 is divided by a.
1
Suppose -23*s - 271 = -41. Calculate the remainder when 1395/s*(-28)/42 is divided by 19.
17
Let k(h) = 2*h + 359. What is the remainder when 101 is divided by k(-151)?
44
Let w be 10/(-20)*2 - -22. Calculate the remainder when 249 is divided by 7/w*0*1 - -50.
49
Let g(j) = 6*j**2 - 141*j - 60. What is the remainder when 167 is divided by g(24)?
11
Let r be 5*3/(3 - (-22)/(-4)). Let p be (-1215)/(-18)*(-4)/r. Let g = p + -18. Calculate the remainder when g is divided by 15.
12
Suppose -2*w - 20 = 2*w. What is the remainder when 5 is divided by (72/(-60))/(2/w)?
2
Let b be ((-12)/(-2 - 0))/(-2). What is the remainder when (-85 - 1)/((-75)/24 - b) is divided by 46?
44
Let j(y) = 3*y - 2. Let l(w) = -w**3 + 14*w**2 + 64*w - 681. Calculate the remainder when l(15) is divided by j(2).
2
Suppose 13*x - 16*x - 13 = -2*n, 0 = n + 5*x. Calculate the remainder when n/(((-2)/(-8))/((-207)/(-36))) is divided by 31.
22
What is the remainder when -18 + 15 + 10/(-2) + 0 - -540 is divided by 20?
12
Let g = -5728 + 6943. What is the remainder when g is divided by 10?
5
Suppose 0*g + 3*z - 87 = -4*g, g + 2*z = 23. Suppose 6*n - 28*n + 9878 = 0. Suppose 37*h = 3409 - n. What is the remainder when h is divided by g?
17
Let g(i) = 2*i - 5. What is the remainder when 2 + 2350/100 + 14/4 is divided by g(10)?
14
Let p(x) = 1494*x - 32860. Calculate the remainder when p(22) is divided by (4/6)/((-2)/(-6)).
0
Let j(i) = i**3 + 11*i**2 + 21*i - 24. Suppose -13*z - 28 = -9*z. Calculate the remainder when 172 is divided by j(z).
22
What is the remainder when 306 is divided by ((-6)/5)/(258/(-21500))?
6
Suppose 0 = 40*q - 4365 - 8515. Calculate the remainder when q is divided by 1/((-1)/9)*-9.
79
Suppose -3*n - 759 = -5*q, -n = q - 4*q + 457. Suppose -3*d + 3*i = -90, -4*i = 5*d - 8*i - q. What is the remainder when d is divided by 3?
0
Suppose 46 = 2*b + f + f, -2*b + 71 = -3*f. Suppose 4*w = -p + 16 + 100, p = 5*w + 53. What is the remainder when p is divided by b?
4
Let k = 8320 - 6365. What is the remainder when k is divided by 70?
65
Let r = 4515 - 4449. Let d = -57 - -156. Suppose -11*i = -d - r. What is the remainder when 49 is divided by i?
4
Suppose -5*x = -4*t - 197, 0 = x - 2*x - 3*t + 47. Let h(r) = -2*r**3 - 4*r**2 + r - 31. Calculate the remainder when h(-5) is divided by x.
32
Let y = 5313 - 4176. Calculate the remainder when y is divided by 230.
217
Let v = 18222 - 18163. Calculate the remainder when 6783 is divided by v.
57
Let x = -4128 - -5264. What is the remainder when x is divided by 1136?
0
Suppose 1408 = -4*f - 3*l, -3*f - l - 526 = 530. Let z = -283 - f. Calculate the remainder when z is divided by 5.
4
Suppose -82*n + 11792 = -4936. Calculate the remainder when 803 is divided by n.
191
Suppose 2*v + 2*x = 258, -2*x = -2*v + 3 + 235. Let g = -12163 + 12206. What is the remainder when v is divided by g?
38
Let f(x) = 4*x**2 - 4*x - 14. Let z be f(-7). Suppose 0 = -42*t + 48*t - z. What is the remainder when (100/(-6))/(1/(-6)) is divided by t?
30
Let k(t) = -1. Let q(z) = -72*z**2 - 3*z. Let p(s) = 2*k(s) - q(s). Suppose -16 = 3*r - 73. Calculate the remainder when p(1) is divided by r.
16
Let m(c) = 9*c**2 + 118*c + 12. Let s be m(-14). Suppose 23*t = 860 - s. What is the remainder when t is divided by ((-9)/(-4))/((-1)/(-4))?
5
Let p(z) = 4495*z - 341616. What is the remainder when p(76) is divided by (-10)/(-14) + 6/21?
0
Let p(b) = -b**3 - 2*b**2 + 5. Let k be p(-3). Let z(s) = -2*s**3 - 3*s**2 - 3. What is the remainder when (-708)/(-42)*k/2 is divided by z(-3)?
22
Suppose -102*m - 19*m = 160*m - 72217. What is the remainder when 667 is divided by m?
153
Suppose -5*o - 2*d = 235, 5*o - 19 = -3*d - 259. What is the remainder when 164/10 + 2/(-5) is divided by (-3 + o/(-12))/(1/12)?
7
Suppose -4*m + 481 - 1991 = 5*o, 6 = -3*o. What is the remainder when 499 is divided by (-18)/27*m/10?
24
Suppose -129*u - 10964 = -20708 - 100164. Calculate the remainder when u is divided by 58.
40
Suppose c - 3*r = 26, -5*c + 8*r + 80 = 3*r. Let y = c - 38. Let b = 68 + y. Calculate the remainder when b is divided by 14.
13
Let j = 46 - 44. Suppose -24*h - j = -25*h. What is the remainder when ((6*20)/4)/h is divided by 8?
7
Suppose -5*d = -5*v - 580, 2*d = -d - 3. Let o = v + 143. What is the remainder when o is divided by 9?
8
Let m(c) = 2794*c**2 - 52*c + 31. What is the remainder when m(3) is divided by 16?
13
Let a(x) = -161 - 121 - 56*x + 78. Calculate the remainder when a(-11) is divided by 46.
44
Let y(p) = 2*p**3 - 15*p**2 - 55*p + 393. Calculate the remainder when 903 is divided by y(8).
2
Let k = 27 - 29. Let r be k/12 - (-114)/36. Suppose 5*w = 4*n - 4 + 34, 3*n - 45 = -r*w. Calculate the remainder when w is divided by 4.
2
What is the remainder when 522 is divided by -13*3*(8/(-72))/(4/96)?
2
Suppose 0 = 620*s - 1440567 + 288607. What is the remainder when 3738 is divided by s?
22
Let r(c) = 3*c - 14. Let w = 13 + -4. Suppose 91 = -w*g + 16*g. What is the remainder when r(g) is divided by 10?
5
Suppose -3*n + 162 = -4*f - 138, 2*n + f - 189 = 0. Let h = n - 48. Suppose -9*u + 78 = -750. What is the remainder when u is divided by h?
44
Suppose -4*x + 26 = 3*g - g, 23 = g + 4*x. Suppose g*t = -f + 159, 5*f - 60 + 345 = 5*t. Calculate the remainder when t is divided by 29.
25
Suppose 0 = -223*v + 67*v + 4368. What is the remainder when 387 is divided by v?
23
Let w be (-6)/5*240/(-18). Suppose w = l - 5*l. Calculate the remainder when 60 is divided by (-13)/(-3)*(l - (-4 + -3)).
8
Let x = 2844 - 2803. Calculate the remainder when x is divided by 28.
13
Calculate the remainder when 0 - 1 - (-18)/(-4)*-50 is divided by 54.
8
Suppose -5*o + 4*p + 169 = -6*o, -845 = 5*o - 5*p. Let n = 222 + o. Calculate the remainder when n is divided by 12.
5
What is the remainder when 3181/4 + -6*75/360 is divided by 68?
46
Let o be 18/(-12) + (5/2)/5. What is the remainder when (-208)/(-3 - o) + 1 + -4 is divided by 6?
5
Let j(y) = y**3 - 7*y**2 + y. Let z be j(9